{"id":1374,"date":"2026-04-23T19:37:39","date_gmt":"2026-04-23T22:37:39","guid":{"rendered":"https:\/\/flashmarketing365.com\/?page_id=1374"},"modified":"2026-04-28T16:50:12","modified_gmt":"2026-04-28T19:50:12","slug":"nosotros","status":"publish","type":"page","link":"https:\/\/flashmarketing365.com\/index.php\/nosotros\/","title":{"rendered":""},"content":{"rendered":"\t\t<div data-elementor-type=\"wp-page\" data-elementor-id=\"1374\" class=\"elementor elementor-1374\" data-elementor-post-type=\"page\">\n\t\t\t\t<div class=\"elementor-element elementor-element-a4dfe99 e-flex e-con-boxed wpr-particle-no wpr-jarallax-no wpr-parallax-no wpr-sticky-section-no wpr-equal-height-no e-con e-parent\" data-id=\"a4dfe99\" data-element_type=\"container\" data-e-type=\"container\">\n\t\t\t\t\t<div class=\"e-con-inner\">\n\t\t\t\t\t<\/div>\n\t\t\t\t<\/div>\n\t\t<div class=\"elementor-element elementor-element-404db428 e-flex e-con-boxed wpr-particle-no wpr-jarallax-no wpr-parallax-no wpr-sticky-section-no wpr-equal-height-no elementor-invisible e-con e-parent\" data-id=\"404db428\" data-element_type=\"container\" data-e-type=\"container\" data-settings=\"{&quot;background_background&quot;:&quot;slideshow&quot;,&quot;animation&quot;:&quot;slideInUp&quot;,&quot;background_slideshow_gallery&quot;:[],&quot;background_slideshow_loop&quot;:&quot;yes&quot;,&quot;background_slideshow_slide_duration&quot;:5000,&quot;background_slideshow_slide_transition&quot;:&quot;fade&quot;,&quot;background_slideshow_transition_duration&quot;:500}\">\n\t\t\t\t\t<div class=\"e-con-inner\">\n\t\t\t\t<div class=\"elementor-element elementor-element-6219ac5 elementor-widget elementor-widget-text-editor\" data-id=\"6219ac5\" data-element_type=\"widget\" data-e-type=\"widget\" data-widget_type=\"text-editor.default\">\n\t\t\t\t<div class=\"elementor-widget-container\">\n\t\t\t\t\t\t\t\t\t\n<h1>\u00bfQui\u00e9nes somos?<\/h1>\n<p class=\"has-text-align-left\" style=\"font-size: 21px;\">Somos <em>Flash Marketing 365,<\/em>\u00a0un equipo especializado en <strong>Performance Marketing<\/strong> enfocado en ayudar a empresas a convertir su inversi\u00f3n publicitaria en un sistema de crecimiento rentable, medible y escalable. Nos encargamos de <strong>aumentar ventas y generar leads cualificados<\/strong> a trav\u00e9s de la Publicidad Digital.<\/p>\n<p>Contamos con m\u00e1s de 6 a\u00f1os de experiencia gestionando <strong>Campa\u00f1as en Google Ads, Meta Ads y TikTok Ads<\/strong>, trabajando con negocios en <strong>m\u00e1s de 13 pa\u00edses<\/strong> y administrando inversiones publicitarias de forma estrat\u00e9gica y orientada a la rentabilidad.<\/p>\n<p>Nuestro enfoque no es simplemente \u201chacer campa\u00f1as\u201d, sino construir sistemas de adquisici\u00f3n que permitan escalar resultados de forma predecible, medible y sostenida.<\/p>\n<p>\u00a0<\/p>\n<h2>\u00bfC\u00f3mo trabajamos?<\/h2>\n<p>Analizamos cada negocio en profundidad para entender su mercado, su cliente ideal y sus objetivos comerciales. A partir de eso:<\/p>\n<p>&#8211; Dise\u00f1amos Estrategias Publicitarias personalizadas<\/p>\n<p>&#8211; Implementamos sistemas de seguimiento y medici\u00f3n constante<\/p>\n<p>&#8211; Obtenemos datos de segmentaci\u00f3n precisos\u00a0<\/p>\n<p>&#8211; Optimizamos las Campa\u00f1as Publicitarias en base a esos datos\u00a0<\/p>\n<p>&#8211; Escalamos lo que funciona y corregimos lo que no<\/p>\n<p>\u00a0<\/p>\n<h2>Nuestro objetivo<\/h2>\n<p>Transformar la inversi\u00f3n publicitaria en un canal rentable de crecimiento, generando:<\/p>\n<p>&#8211; M\u00e1s ventas<\/p>\n<p>&#8211; Leads cualificados<\/p>\n<p>&#8211; Mayor retorno sobre la inversi\u00f3n (ROAS)<\/p>\n<p>\u00a0<\/p>\n<h2>Nuestra diferencia<\/h2>\n<p>Nos enfocamos en resultados, no en suposiciones.<strong> Cada decisi\u00f3n se basa en datos, m\u00e9tricas y an\u00e1lisis constante<\/strong>, lo que nos permite optimizar de forma continua y construir relaciones a largo plazo con nuestros clientes.<\/p>\n<p>Creemos en el trabajo en equipo, la innovaci\u00f3n constante y el compromiso con cada marca que conf\u00eda en nosotros.<\/p>\n<p style=\"font-size: 21px;\">\u00a0<\/p>\n\t\t\t\t\t\t\t\t<\/div>\n\t\t\t\t<\/div>\n\t\t\t\t\t<\/div>\n\t\t\t\t<\/div>\n\t\t\t\t<\/div>\n\t\t","protected":false},"excerpt":{"rendered":"<p>\u00bfQui\u00e9nes somos? Somos Flash Marketing 365,\u00a0un equipo especializado en Performance Marketing enfocado en ayudar a empresas a convertir su inversi\u00f3n publicitaria en un sistema de crecimiento rentable, medible y escalable. Nos encargamos de aumentar ventas y generar leads cualificados a trav\u00e9s de la Publicidad Digital. Contamos con m\u00e1s de 6 a\u00f1os de experiencia gestionando Campa\u00f1as en Google Ads, Meta Ads y TikTok Ads, trabajando con negocios en m\u00e1s de 13 pa\u00edses y administrando inversiones publicitarias de forma estrat\u00e9gica y orientada a la rentabilidad. Nuestro enfoque no es simplemente \u201chacer campa\u00f1as\u201d, sino construir sistemas de adquisici\u00f3n que permitan escalar resultados de forma predecible, medible y sostenida. \u00a0 \u00bfC\u00f3mo trabajamos? Analizamos cada negocio en profundidad para entender su mercado, su cliente ideal y sus objetivos comerciales. A partir de eso: &#8211; Dise\u00f1amos Estrategias Publicitarias personalizadas &#8211; Implementamos sistemas de seguimiento y medici\u00f3n constante &#8211; Obtenemos datos de segmentaci\u00f3n precisos\u00a0 &#8211; Optimizamos las Campa\u00f1as Publicitarias en base a esos datos\u00a0 &#8211; Escalamos lo que funciona y corregimos lo que no \u00a0 Nuestro objetivo Transformar la inversi\u00f3n publicitaria en un canal rentable de crecimiento, generando: &#8211; M\u00e1s ventas &#8211; Leads cualificados &#8211; Mayor retorno sobre la inversi\u00f3n (ROAS) \u00a0 Nuestra diferencia Nos enfocamos en resultados, no en suposiciones. Cada decisi\u00f3n se basa en datos, m\u00e9tricas y an\u00e1lisis constante, lo que nos permite optimizar de forma continua y construir relaciones a largo plazo con nuestros clientes. Creemos en el trabajo en equipo, la innovaci\u00f3n constante y el compromiso con cada marca que conf\u00eda en nosotros. \u00a0<\/p>\n","protected":false},"author":10,"featured_media":0,"parent":0,"menu_order":0,"comment_status":"closed","ping_status":"closed","template":"","meta":{"footnotes":""},"class_list":["post-1374","page","type-page","status-publish","hentry"],"yoast_head":"<!-- This site is optimized with the Yoast SEO plugin v27.4 - https:\/\/yoast.com\/product\/yoast-seo-wordpress\/ -->\n<title>Nosotros | Flash Marketing 365<\/title>\n<meta name=\"description\" content=\"Agencia de Marketing Digital \u2705 Equipo especializado en Performance Marketing enfocado en Empresas \u2705 Publicidad Digital con Anuncios\" \/>\n<meta name=\"robots\" content=\"noindex, nofollow\" \/>\n<meta property=\"og:locale\" content=\"es_ES\" \/>\n<meta property=\"og:type\" content=\"article\" \/>\n<meta property=\"og:title\" content=\"Nosotros | Flash Marketing 365\" \/>\n<meta property=\"og:description\" content=\"Agencia de Marketing Digital \u2705 Equipo especializado en Performance Marketing enfocado en Empresas \u2705 Publicidad Digital con Anuncios\" \/>\n<meta property=\"og:url\" content=\"https:\/\/flashmarketing365.com\/index.php\/nosotros\/\" \/>\n<meta property=\"og:site_name\" content=\"Flash Marketing\" \/>\n<meta property=\"article:modified_time\" content=\"2026-04-28T19:50:12+00:00\" \/>\n<meta property=\"og:image\" content=\"https:\/\/flashmarketing365.com\/wp-content\/uploads\/2025\/04\/cropped-unnamed.jpg\" \/>\n\t<meta property=\"og:image:width\" content=\"512\" \/>\n\t<meta property=\"og:image:height\" content=\"512\" \/>\n\t<meta property=\"og:image:type\" content=\"image\/jpeg\" \/>\n<meta name=\"twitter:card\" content=\"summary_large_image\" \/>\n<meta name=\"twitter:label1\" content=\"Tiempo de lectura\" \/>\n\t<meta name=\"twitter:data1\" content=\"2 minutos\" \/>\n<script type=\"application\/ld+json\" class=\"yoast-schema-graph\">{\"@context\":\"https:\\\/\\\/schema.org\",\"@graph\":[{\"@type\":\"WebPage\",\"@id\":\"https:\\\/\\\/flashmarketing365.com\\\/index.php\\\/nosotros\\\/\",\"url\":\"https:\\\/\\\/flashmarketing365.com\\\/index.php\\\/nosotros\\\/\",\"name\":\"Nosotros | Flash Marketing 365\",\"isPartOf\":{\"@id\":\"https:\\\/\\\/flashmarketing365.com\\\/#website\"},\"datePublished\":\"2026-04-23T22:37:39+00:00\",\"dateModified\":\"2026-04-28T19:50:12+00:00\",\"description\":\"Agencia de Marketing Digital \u2705 Equipo especializado en Performance Marketing enfocado en Empresas \u2705 Publicidad Digital con Anuncios\",\"inLanguage\":\"es-AR\",\"potentialAction\":[{\"@type\":\"ReadAction\",\"target\":[\"https:\\\/\\\/flashmarketing365.com\\\/index.php\\\/nosotros\\\/\"]}]},{\"@type\":\"WebSite\",\"@id\":\"https:\\\/\\\/flashmarketing365.com\\\/#website\",\"url\":\"https:\\\/\\\/flashmarketing365.com\\\/\",\"name\":\"Flash Marketing 365\",\"description\":\"Performance Ads aumento de ROAS\",\"publisher\":{\"@id\":\"https:\\\/\\\/flashmarketing365.com\\\/#organization\"},\"alternateName\":\"Flash Marketing 365\",\"potentialAction\":[{\"@type\":\"SearchAction\",\"target\":{\"@type\":\"EntryPoint\",\"urlTemplate\":\"https:\\\/\\\/flashmarketing365.com\\\/?s={search_term_string}\"},\"query-input\":{\"@type\":\"PropertyValueSpecification\",\"valueRequired\":true,\"valueName\":\"search_term_string\"}}],\"inLanguage\":\"es-AR\"},{\"@type\":\"Organization\",\"@id\":\"https:\\\/\\\/flashmarketing365.com\\\/#organization\",\"name\":\"Flash Marketing 365\",\"alternateName\":\"Flash Marketing 365\",\"url\":\"https:\\\/\\\/flashmarketing365.com\\\/\",\"logo\":{\"@type\":\"ImageObject\",\"inLanguage\":\"es-AR\",\"@id\":\"https:\\\/\\\/flashmarketing365.com\\\/#\\\/schema\\\/logo\\\/image\\\/\",\"url\":\"https:\\\/\\\/flashmarketing365.com\\\/wp-content\\\/uploads\\\/2025\\\/04\\\/unnamed.jpg\",\"contentUrl\":\"https:\\\/\\\/flashmarketing365.com\\\/wp-content\\\/uploads\\\/2025\\\/04\\\/unnamed.jpg\",\"width\":432,\"height\":432,\"caption\":\"Flash Marketing 365\"},\"image\":{\"@id\":\"https:\\\/\\\/flashmarketing365.com\\\/#\\\/schema\\\/logo\\\/image\\\/\"},\"sameAs\":[\"https:\\\/\\\/www.instagram.com\\\/flashmarketing_365\\\/\",\"https:\\\/\\\/www.youtube.com\\\/@FlashMarketing365\"]}]}<\/script>\n<!-- \/ Yoast SEO plugin. -->","yoast_head_json":{"title":"Nosotros | Flash Marketing 365","description":"Agencia de Marketing Digital \u2705 Equipo especializado en Performance Marketing enfocado en Empresas \u2705 Publicidad Digital con Anuncios","robots":{"index":"noindex","follow":"nofollow"},"og_locale":"es_ES","og_type":"article","og_title":"Nosotros | Flash Marketing 365","og_description":"Agencia de Marketing Digital \u2705 Equipo especializado en Performance Marketing enfocado en Empresas \u2705 Publicidad Digital con Anuncios","og_url":"https:\/\/flashmarketing365.com\/index.php\/nosotros\/","og_site_name":"Flash Marketing","article_modified_time":"2026-04-28T19:50:12+00:00","og_image":[{"width":512,"height":512,"url":"https:\/\/flashmarketing365.com\/wp-content\/uploads\/2025\/04\/cropped-unnamed.jpg","type":"image\/jpeg"}],"twitter_card":"summary_large_image","twitter_misc":{"Tiempo de lectura":"2 minutos"},"schema":{"@context":"https:\/\/schema.org","@graph":[{"@type":"WebPage","@id":"https:\/\/flashmarketing365.com\/index.php\/nosotros\/","url":"https:\/\/flashmarketing365.com\/index.php\/nosotros\/","name":"Nosotros | Flash Marketing 365","isPartOf":{"@id":"https:\/\/flashmarketing365.com\/#website"},"datePublished":"2026-04-23T22:37:39+00:00","dateModified":"2026-04-28T19:50:12+00:00","description":"Agencia de Marketing Digital \u2705 Equipo especializado en Performance Marketing enfocado en Empresas \u2705 Publicidad Digital con Anuncios","inLanguage":"es-AR","potentialAction":[{"@type":"ReadAction","target":["https:\/\/flashmarketing365.com\/index.php\/nosotros\/"]}]},{"@type":"WebSite","@id":"https:\/\/flashmarketing365.com\/#website","url":"https:\/\/flashmarketing365.com\/","name":"Flash Marketing 365","description":"Performance Ads aumento de ROAS","publisher":{"@id":"https:\/\/flashmarketing365.com\/#organization"},"alternateName":"Flash Marketing 365","potentialAction":[{"@type":"SearchAction","target":{"@type":"EntryPoint","urlTemplate":"https:\/\/flashmarketing365.com\/?s={search_term_string}"},"query-input":{"@type":"PropertyValueSpecification","valueRequired":true,"valueName":"search_term_string"}}],"inLanguage":"es-AR"},{"@type":"Organization","@id":"https:\/\/flashmarketing365.com\/#organization","name":"Flash Marketing 365","alternateName":"Flash Marketing 365","url":"https:\/\/flashmarketing365.com\/","logo":{"@type":"ImageObject","inLanguage":"es-AR","@id":"https:\/\/flashmarketing365.com\/#\/schema\/logo\/image\/","url":"https:\/\/flashmarketing365.com\/wp-content\/uploads\/2025\/04\/unnamed.jpg","contentUrl":"https:\/\/flashmarketing365.com\/wp-content\/uploads\/2025\/04\/unnamed.jpg","width":432,"height":432,"caption":"Flash Marketing 365"},"image":{"@id":"https:\/\/flashmarketing365.com\/#\/schema\/logo\/image\/"},"sameAs":["https:\/\/www.instagram.com\/flashmarketing_365\/","https:\/\/www.youtube.com\/@FlashMarketing365"]}]}},"_links":{"self":[{"href":"https:\/\/flashmarketing365.com\/index.php\/wp-json\/wp\/v2\/pages\/1374","targetHints":{"allow":["GET"]}}],"collection":[{"href":"https:\/\/flashmarketing365.com\/index.php\/wp-json\/wp\/v2\/pages"}],"about":[{"href":"https:\/\/flashmarketing365.com\/index.php\/wp-json\/wp\/v2\/types\/page"}],"author":[{"embeddable":true,"href":"https:\/\/flashmarketing365.com\/index.php\/wp-json\/wp\/v2\/users\/10"}],"replies":[{"embeddable":true,"href":"https:\/\/flashmarketing365.com\/index.php\/wp-json\/wp\/v2\/comments?post=1374"}],"version-history":[{"count":46,"href":"https:\/\/flashmarketing365.com\/index.php\/wp-json\/wp\/v2\/pages\/1374\/revisions"}],"predecessor-version":[{"id":1582,"href":"https:\/\/flashmarketing365.com\/index.php\/wp-json\/wp\/v2\/pages\/1374\/revisions\/1582"}],"wp:attachment":[{"href":"https:\/\/flashmarketing365.com\/index.php\/wp-json\/wp\/v2\/media?parent=1374"}],"curies":[{"name":"wp","href":"https:\/\/api.w.org\/{rel}","templated":true}]}}