{"id":1414,"date":"2026-04-27T14:05:22","date_gmt":"2026-04-27T17:05:22","guid":{"rendered":"https:\/\/flashmarketing365.com\/?page_id=1414"},"modified":"2026-04-27T14:08:12","modified_gmt":"2026-04-27T17:08:12","slug":"meta-ads","status":"publish","type":"page","link":"https:\/\/flashmarketing365.com\/index.php\/meta-ads\/","title":{"rendered":"Meta Ads"},"content":{"rendered":"\t\t<div data-elementor-type=\"wp-page\" data-elementor-id=\"1414\" class=\"elementor elementor-1414\" data-elementor-post-type=\"page\">\n\t\t\t\t<div class=\"elementor-element elementor-element-e992f6f e-flex e-con-boxed wpr-particle-no wpr-jarallax-no wpr-parallax-no wpr-sticky-section-no wpr-equal-height-no e-con e-parent\" data-id=\"e992f6f\" data-element_type=\"container\" data-e-type=\"container\">\n\t\t\t\t\t<div class=\"e-con-inner\">\n\t\t\t\t<div class=\"elementor-element elementor-element-5e978be elementor-widget elementor-widget-text-editor\" data-id=\"5e978be\" data-element_type=\"widget\" data-e-type=\"widget\" data-widget_type=\"text-editor.default\">\n\t\t\t\t<div class=\"elementor-widget-container\">\n\t\t\t\t\t\t\t\t\t<h2><span style=\"text-decoration: underline;\">Meta Ads \u2013 Generaci\u00f3n de demanda y crecimiento de Marca<\/span><\/h2><h5>Captamos a tu cliente ideal antes de que te est\u00e9 buscando<\/h5><p><strong>Meta Ads<\/strong> permite llegar a potenciales clientes en plataformas como <strong>Facebook e Instagram<\/strong>, incluso cuando todav\u00eda no est\u00e1n buscando activamente tu producto o servicio.<\/p><p>Esto nos da la posibilidad de generar inter\u00e9s, posicionar tu marca y activar la demanda, acompa\u00f1ando al usuario en todo su proceso de toma de decisi\u00f3n.<\/p><h3>\u00a0<\/h3><h3>\u00bfQu\u00e9 hacemos?<\/h3><p>&#8211; Definici\u00f3n de audiencias seg\u00fan comportamiento, intereses y datos<\/p><p>&#8211; Estructuraci\u00f3n de Campa\u00f1as orientadas a resultados (leads o ventas)<\/p><p>&#8211; Implementaci\u00f3n de Campa\u00f1as de prospecci\u00f3n y Remarketing<\/p><p>&#8211; Configuraci\u00f3n de eventos y seguimiento de conversiones<\/p><p>&#8211; Optimizaci\u00f3n continua basada en las m\u00e9tricas obtenidas<\/p><p>&#8211; Escalado de Campa\u00f1as rentables<\/p><h3>\u00a0<\/h3><h3>\u00bfQu\u00e9 logramos?<\/h3><p>&#8211; Generaci\u00f3n de leads cualificados<\/p><p>&#8211; Incremento de ventas a trav\u00e9s de impacto constante<\/p><p>&#8211; Posicionamiento de Marca frente a tu p\u00fablico objetivo<\/p><p>&#8211; Mayor volumen de oportunidades de negocio<\/p><p>&#8211; Mejora del rendimiento general del embudo<\/p><h3>\u00a0<\/h3><h3>Nuestro enfoque<\/h3><p>En Meta no se trata solo de \u201cmostrar anuncios\u201d, sino de construir un sistema que acompa\u00f1e al usuario desde el primer impacto hasta la conversi\u00f3n.<\/p><h3>\u00a0<\/h3><h3>Trabajamos combinando:<\/h3><p>&#8211; Generaci\u00f3n de demanda (nuevos usuarios)<\/p><p>&#8211; Remarketing (usuarios que ya interactuaron)<\/p><p>\u00a0<\/p><p>De esta forma logramos un flujo constante de nuevos clientes y optimizamos cada etapa del proceso.<\/p><h3>\u00a0<\/h3><h3>Ideal para negocios que:<\/h3><p>&#8211; Necesitan generar demanda y darse a conocer<\/p><p>&#8211; Buscan escalar volumen de leads o ventas<\/p><p>&#8211; Quieren impactar a su cliente ideal de forma constante<\/p><p>&#8211; Necesitan complementar otros canales como <strong>Google Ads<\/strong><\/p><p>\u00a0<\/p><h5>Convert\u00ed Meta Ads en un motor constante de crecimiento para tu negocio.<\/h5>\t\t\t\t\t\t\t\t<\/div>\n\t\t\t\t<\/div>\n\t\t\t\t\t<\/div>\n\t\t\t\t<\/div>\n\t\t\t\t<\/div>\n\t\t","protected":false},"excerpt":{"rendered":"<p>Meta Ads \u2013 Generaci\u00f3n de demanda y crecimiento de Marca Captamos a tu cliente ideal antes de que te est\u00e9 buscando Meta Ads permite llegar a potenciales clientes en plataformas como Facebook e Instagram, incluso cuando todav\u00eda no est\u00e1n buscando activamente tu producto o servicio. Esto nos da la posibilidad de generar inter\u00e9s, posicionar tu marca y activar la demanda, acompa\u00f1ando al usuario en todo su proceso de toma de decisi\u00f3n. \u00a0 \u00bfQu\u00e9 hacemos? &#8211; Definici\u00f3n de audiencias seg\u00fan comportamiento, intereses y datos &#8211; Estructuraci\u00f3n de Campa\u00f1as orientadas a resultados (leads o ventas) &#8211; Implementaci\u00f3n de Campa\u00f1as de prospecci\u00f3n y Remarketing &#8211; Configuraci\u00f3n de eventos y seguimiento de conversiones &#8211; Optimizaci\u00f3n continua basada en las m\u00e9tricas obtenidas &#8211; Escalado de Campa\u00f1as rentables \u00a0 \u00bfQu\u00e9 logramos? &#8211; Generaci\u00f3n de leads cualificados &#8211; Incremento de ventas a trav\u00e9s de impacto constante &#8211; Posicionamiento de Marca frente a tu p\u00fablico objetivo &#8211; Mayor volumen de oportunidades de negocio &#8211; Mejora del rendimiento general del embudo \u00a0 Nuestro enfoque En Meta no se trata solo de \u201cmostrar anuncios\u201d, sino de construir un sistema que acompa\u00f1e al usuario desde el primer impacto hasta la conversi\u00f3n. \u00a0 Trabajamos combinando: &#8211; Generaci\u00f3n de demanda (nuevos usuarios) &#8211; Remarketing (usuarios que ya interactuaron) \u00a0 De esta forma logramos un flujo constante de nuevos clientes y optimizamos cada etapa del proceso. \u00a0 Ideal para negocios que: &#8211; Necesitan generar demanda y darse a conocer &#8211; Buscan escalar volumen de leads o ventas &#8211; Quieren impactar a su cliente ideal de forma constante &#8211; Necesitan complementar otros canales como Google Ads \u00a0 Convert\u00ed Meta Ads en un motor constante de crecimiento para tu negocio.<\/p>\n","protected":false},"author":1,"featured_media":0,"parent":0,"menu_order":0,"comment_status":"closed","ping_status":"closed","template":"","meta":{"footnotes":""},"class_list":["post-1414","page","type-page","status-publish","hentry"],"yoast_head":"<!-- This site is optimized with the Yoast SEO plugin v27.4 - https:\/\/yoast.com\/product\/yoast-seo-wordpress\/ -->\n<title>Meta Ads - Flash Marketing<\/title>\n<meta name=\"description\" content=\"Meta Ads \u2013 Generaci\u00f3n de demanda y crecimiento de MarcaCaptamos a tu cliente ideal antes de que te est\u00e9 buscandoMeta Ads permite llegar a potenciales\" \/>\n<meta name=\"robots\" content=\"noindex, nofollow\" \/>\n<meta property=\"og:locale\" content=\"es_ES\" \/>\n<meta property=\"og:type\" content=\"article\" \/>\n<meta property=\"og:title\" content=\"Meta Ads - Flash Marketing\" \/>\n<meta property=\"og:description\" content=\"Meta Ads \u2013 Generaci\u00f3n de demanda y crecimiento de MarcaCaptamos a tu cliente ideal antes de que te est\u00e9 buscandoMeta Ads permite llegar a potenciales\" \/>\n<meta property=\"og:url\" content=\"https:\/\/flashmarketing365.com\/index.php\/meta-ads\/\" \/>\n<meta property=\"og:site_name\" content=\"Flash Marketing\" \/>\n<meta property=\"article:modified_time\" content=\"2026-04-27T17:08:12+00:00\" \/>\n<meta property=\"og:image\" content=\"https:\/\/flashmarketing365.com\/wp-content\/uploads\/2025\/04\/cropped-unnamed.jpg\" \/>\n\t<meta property=\"og:image:width\" content=\"512\" \/>\n\t<meta property=\"og:image:height\" content=\"512\" \/>\n\t<meta property=\"og:image:type\" content=\"image\/jpeg\" \/>\n<meta name=\"twitter:card\" content=\"summary_large_image\" \/>\n<meta name=\"twitter:label1\" content=\"Tiempo de lectura\" \/>\n\t<meta name=\"twitter:data1\" content=\"2 minutos\" \/>\n<script type=\"application\/ld+json\" class=\"yoast-schema-graph\">{\"@context\":\"https:\\\/\\\/schema.org\",\"@graph\":[{\"@type\":\"WebPage\",\"@id\":\"https:\\\/\\\/flashmarketing365.com\\\/index.php\\\/meta-ads\\\/\",\"url\":\"https:\\\/\\\/flashmarketing365.com\\\/index.php\\\/meta-ads\\\/\",\"name\":\"Meta Ads - Flash Marketing\",\"isPartOf\":{\"@id\":\"https:\\\/\\\/flashmarketing365.com\\\/#website\"},\"datePublished\":\"2026-04-27T17:05:22+00:00\",\"dateModified\":\"2026-04-27T17:08:12+00:00\",\"description\":\"Meta Ads \u2013 Generaci\u00f3n de demanda y crecimiento de MarcaCaptamos a tu cliente ideal antes de que te est\u00e9 buscandoMeta Ads permite llegar a potenciales\",\"breadcrumb\":{\"@id\":\"https:\\\/\\\/flashmarketing365.com\\\/index.php\\\/meta-ads\\\/#breadcrumb\"},\"inLanguage\":\"es-AR\",\"potentialAction\":[{\"@type\":\"ReadAction\",\"target\":[\"https:\\\/\\\/flashmarketing365.com\\\/index.php\\\/meta-ads\\\/\"]}]},{\"@type\":\"BreadcrumbList\",\"@id\":\"https:\\\/\\\/flashmarketing365.com\\\/index.php\\\/meta-ads\\\/#breadcrumb\",\"itemListElement\":[{\"@type\":\"ListItem\",\"position\":1,\"name\":\"Home\",\"item\":\"https:\\\/\\\/flashmarketing365.com\\\/\"},{\"@type\":\"ListItem\",\"position\":2,\"name\":\"Meta Ads\"}]},{\"@type\":\"WebSite\",\"@id\":\"https:\\\/\\\/flashmarketing365.com\\\/#website\",\"url\":\"https:\\\/\\\/flashmarketing365.com\\\/\",\"name\":\"Flash Marketing 365\",\"description\":\"Performance Ads aumento de ROAS\",\"publisher\":{\"@id\":\"https:\\\/\\\/flashmarketing365.com\\\/#organization\"},\"alternateName\":\"Flash Marketing 365\",\"potentialAction\":[{\"@type\":\"SearchAction\",\"target\":{\"@type\":\"EntryPoint\",\"urlTemplate\":\"https:\\\/\\\/flashmarketing365.com\\\/?s={search_term_string}\"},\"query-input\":{\"@type\":\"PropertyValueSpecification\",\"valueRequired\":true,\"valueName\":\"search_term_string\"}}],\"inLanguage\":\"es-AR\"},{\"@type\":\"Organization\",\"@id\":\"https:\\\/\\\/flashmarketing365.com\\\/#organization\",\"name\":\"Flash Marketing 365\",\"alternateName\":\"Flash Marketing 365\",\"url\":\"https:\\\/\\\/flashmarketing365.com\\\/\",\"logo\":{\"@type\":\"ImageObject\",\"inLanguage\":\"es-AR\",\"@id\":\"https:\\\/\\\/flashmarketing365.com\\\/#\\\/schema\\\/logo\\\/image\\\/\",\"url\":\"https:\\\/\\\/flashmarketing365.com\\\/wp-content\\\/uploads\\\/2025\\\/04\\\/unnamed.jpg\",\"contentUrl\":\"https:\\\/\\\/flashmarketing365.com\\\/wp-content\\\/uploads\\\/2025\\\/04\\\/unnamed.jpg\",\"width\":432,\"height\":432,\"caption\":\"Flash Marketing 365\"},\"image\":{\"@id\":\"https:\\\/\\\/flashmarketing365.com\\\/#\\\/schema\\\/logo\\\/image\\\/\"},\"sameAs\":[\"https:\\\/\\\/www.instagram.com\\\/flashmarketing_365\\\/\",\"https:\\\/\\\/www.youtube.com\\\/@FlashMarketing365\"]}]}<\/script>\n<!-- \/ Yoast SEO plugin. -->","yoast_head_json":{"title":"Meta Ads - Flash Marketing","description":"Meta Ads \u2013 Generaci\u00f3n de demanda y crecimiento de MarcaCaptamos a tu cliente ideal antes de que te est\u00e9 buscandoMeta Ads permite llegar a potenciales","robots":{"index":"noindex","follow":"nofollow"},"og_locale":"es_ES","og_type":"article","og_title":"Meta Ads - Flash Marketing","og_description":"Meta Ads \u2013 Generaci\u00f3n de demanda y crecimiento de MarcaCaptamos a tu cliente ideal antes de que te est\u00e9 buscandoMeta Ads permite llegar a potenciales","og_url":"https:\/\/flashmarketing365.com\/index.php\/meta-ads\/","og_site_name":"Flash Marketing","article_modified_time":"2026-04-27T17:08:12+00:00","og_image":[{"width":512,"height":512,"url":"https:\/\/flashmarketing365.com\/wp-content\/uploads\/2025\/04\/cropped-unnamed.jpg","type":"image\/jpeg"}],"twitter_card":"summary_large_image","twitter_misc":{"Tiempo de lectura":"2 minutos"},"schema":{"@context":"https:\/\/schema.org","@graph":[{"@type":"WebPage","@id":"https:\/\/flashmarketing365.com\/index.php\/meta-ads\/","url":"https:\/\/flashmarketing365.com\/index.php\/meta-ads\/","name":"Meta Ads - Flash Marketing","isPartOf":{"@id":"https:\/\/flashmarketing365.com\/#website"},"datePublished":"2026-04-27T17:05:22+00:00","dateModified":"2026-04-27T17:08:12+00:00","description":"Meta Ads \u2013 Generaci\u00f3n de demanda y crecimiento de MarcaCaptamos a tu cliente ideal antes de que te est\u00e9 buscandoMeta Ads permite llegar a potenciales","breadcrumb":{"@id":"https:\/\/flashmarketing365.com\/index.php\/meta-ads\/#breadcrumb"},"inLanguage":"es-AR","potentialAction":[{"@type":"ReadAction","target":["https:\/\/flashmarketing365.com\/index.php\/meta-ads\/"]}]},{"@type":"BreadcrumbList","@id":"https:\/\/flashmarketing365.com\/index.php\/meta-ads\/#breadcrumb","itemListElement":[{"@type":"ListItem","position":1,"name":"Home","item":"https:\/\/flashmarketing365.com\/"},{"@type":"ListItem","position":2,"name":"Meta Ads"}]},{"@type":"WebSite","@id":"https:\/\/flashmarketing365.com\/#website","url":"https:\/\/flashmarketing365.com\/","name":"Flash Marketing 365","description":"Performance Ads aumento de ROAS","publisher":{"@id":"https:\/\/flashmarketing365.com\/#organization"},"alternateName":"Flash Marketing 365","potentialAction":[{"@type":"SearchAction","target":{"@type":"EntryPoint","urlTemplate":"https:\/\/flashmarketing365.com\/?s={search_term_string}"},"query-input":{"@type":"PropertyValueSpecification","valueRequired":true,"valueName":"search_term_string"}}],"inLanguage":"es-AR"},{"@type":"Organization","@id":"https:\/\/flashmarketing365.com\/#organization","name":"Flash Marketing 365","alternateName":"Flash Marketing 365","url":"https:\/\/flashmarketing365.com\/","logo":{"@type":"ImageObject","inLanguage":"es-AR","@id":"https:\/\/flashmarketing365.com\/#\/schema\/logo\/image\/","url":"https:\/\/flashmarketing365.com\/wp-content\/uploads\/2025\/04\/unnamed.jpg","contentUrl":"https:\/\/flashmarketing365.com\/wp-content\/uploads\/2025\/04\/unnamed.jpg","width":432,"height":432,"caption":"Flash Marketing 365"},"image":{"@id":"https:\/\/flashmarketing365.com\/#\/schema\/logo\/image\/"},"sameAs":["https:\/\/www.instagram.com\/flashmarketing_365\/","https:\/\/www.youtube.com\/@FlashMarketing365"]}]}},"_links":{"self":[{"href":"https:\/\/flashmarketing365.com\/index.php\/wp-json\/wp\/v2\/pages\/1414","targetHints":{"allow":["GET"]}}],"collection":[{"href":"https:\/\/flashmarketing365.com\/index.php\/wp-json\/wp\/v2\/pages"}],"about":[{"href":"https:\/\/flashmarketing365.com\/index.php\/wp-json\/wp\/v2\/types\/page"}],"author":[{"embeddable":true,"href":"https:\/\/flashmarketing365.com\/index.php\/wp-json\/wp\/v2\/users\/1"}],"replies":[{"embeddable":true,"href":"https:\/\/flashmarketing365.com\/index.php\/wp-json\/wp\/v2\/comments?post=1414"}],"version-history":[{"count":19,"href":"https:\/\/flashmarketing365.com\/index.php\/wp-json\/wp\/v2\/pages\/1414\/revisions"}],"predecessor-version":[{"id":1548,"href":"https:\/\/flashmarketing365.com\/index.php\/wp-json\/wp\/v2\/pages\/1414\/revisions\/1548"}],"wp:attachment":[{"href":"https:\/\/flashmarketing365.com\/index.php\/wp-json\/wp\/v2\/media?parent=1414"}],"curies":[{"name":"wp","href":"https:\/\/api.w.org\/{rel}","templated":true}]}}