{"id":1415,"date":"2026-04-27T13:58:30","date_gmt":"2026-04-27T16:58:30","guid":{"rendered":"https:\/\/flashmarketing365.com\/?page_id=1415"},"modified":"2026-04-30T21:20:49","modified_gmt":"2026-05-01T00:20:49","slug":"google-ads","status":"publish","type":"page","link":"https:\/\/flashmarketing365.com\/index.php\/google-ads\/","title":{"rendered":"Google Ads"},"content":{"rendered":"\t\t<div data-elementor-type=\"wp-page\" data-elementor-id=\"1415\" class=\"elementor elementor-1415\" data-elementor-post-type=\"page\">\n\t\t\t\t<div class=\"elementor-element elementor-element-f8858f2 e-flex e-con-boxed wpr-particle-no wpr-jarallax-no wpr-parallax-no wpr-sticky-section-no wpr-equal-height-no e-con e-parent\" data-id=\"f8858f2\" data-element_type=\"container\" data-e-type=\"container\">\n\t\t\t\t\t<div class=\"e-con-inner\">\n\t\t\t\t\t<\/div>\n\t\t\t\t<\/div>\n\t\t<div class=\"elementor-element elementor-element-4cf8f03 e-flex e-con-boxed wpr-particle-no wpr-jarallax-no wpr-parallax-no wpr-sticky-section-no wpr-equal-height-no e-con e-parent\" data-id=\"4cf8f03\" data-element_type=\"container\" data-e-type=\"container\">\n\t\t\t\t\t<div class=\"e-con-inner\">\n\t\t\t\t<div class=\"elementor-element elementor-element-0313ac7 elementor-widget elementor-widget-text-editor\" data-id=\"0313ac7\" data-element_type=\"widget\" data-e-type=\"widget\" data-widget_type=\"text-editor.default\">\n\t\t\t\t<div class=\"elementor-widget-container\">\n\t\t\t\t\t\t\t\t\t<h2>Google Ads \u2013 Captaci\u00f3n de demanda con intenci\u00f3n de compra<\/h2><h5><span dir=\"auto\" style=\"vertical-align: inherit;\"><span dir=\"auto\" style=\"vertical-align: inherit;\">Captamos clientes cuando ya est\u00e1n buscando el producto o servicio que ofreces.<\/span><\/span><\/h5><p><span dir=\"auto\" style=\"vertical-align: inherit;\"><span dir=\"auto\" style=\"vertical-align: inherit;\"><span dir=\"auto\" style=\"vertical-align: inherit;\"><span dir=\"auto\" style=\"vertical-align: inherit;\"><strong>Google Ads<\/strong> es uno de los canales m\u00e1s potentes para generar ventas y leads de calidad, porque permite llegar a personas que ya tienen una necesidad concreta y est\u00e1n buscando activamente una soluci\u00f3n.<\/span><\/span><\/span><\/span><\/p><p><span dir=\"auto\" style=\"vertical-align: inherit;\"><span dir=\"auto\" style=\"vertical-align: inherit;\"><span dir=\"auto\" style=\"vertical-align: inherit;\"><span dir=\"auto\" style=\"vertical-align: inherit;\">En Flash Marketing utilizamos Google Ads para posicionar tu negocio en el momento exacto en que un potencial cliente est\u00e1 listo para tomar una decisi\u00f3n.<\/span><\/span><\/span><\/span><\/p><h2>\u00a0<\/h2><h3><span dir=\"auto\" style=\"vertical-align: inherit;\"><span dir=\"auto\" style=\"vertical-align: inherit;\">\u00bfQu\u00e9 hacemos?<\/span><\/span><\/h3><p><span dir=\"auto\" style=\"vertical-align: inherit;\"><span dir=\"auto\" style=\"vertical-align: inherit;\">&#8211; Investigaci\u00f3n de mercado y palabras clave con intenci\u00f3n comercial<\/span><\/span><\/p><p><span dir=\"auto\" style=\"vertical-align: inherit;\"><span dir=\"auto\" style=\"vertical-align: inherit;\">&#8211; Estructuraci\u00f3n de Campa\u00f1as orientadas a Conversi\u00f3n<\/span><\/span><\/p><p><span dir=\"auto\" style=\"vertical-align: inherit;\"><span dir=\"auto\" style=\"vertical-align: inherit;\">&#8211; Implementaci\u00f3n de Campa\u00f1as de B\u00fasqueda y Performance Max<\/span><\/span><\/p><p><span dir=\"auto\" style=\"vertical-align: inherit;\"><span dir=\"auto\" style=\"vertical-align: inherit;\">&#8211; Configuraci\u00f3n de seguimiento y medici\u00f3n (conversiones, eventos)<\/span><\/span><\/p><p><span dir=\"auto\" style=\"vertical-align: inherit;\"><span dir=\"auto\" style=\"vertical-align: inherit;\">&#8211; Optimizaci\u00f3n continua en base a datos reales<\/span><\/span><\/p><p><span dir=\"auto\" style=\"vertical-align: inherit;\"><span dir=\"auto\" style=\"vertical-align: inherit;\">&#8211; Escalado de Campa\u00f1as rentables<\/span><\/span><\/p><h3>\u00a0<\/h3><h3><span dir=\"auto\" style=\"vertical-align: inherit;\"><span dir=\"auto\" style=\"vertical-align: inherit;\">\u00bfQu\u00e9 logramos?<\/span><\/span><\/h3><p><span dir=\"auto\" style=\"vertical-align: inherit;\"><span dir=\"auto\" style=\"vertical-align: inherit;\">&#8211; Generaci\u00f3n de leads cualificados<\/span><\/span><\/p><p><span dir=\"auto\" style=\"vertical-align: inherit;\"><span dir=\"auto\" style=\"vertical-align: inherit;\">&#8211; Aumento de ventas con intenci\u00f3n directa<\/span><\/span><\/p><p><span dir=\"auto\" style=\"vertical-align: inherit;\"><span dir=\"auto\" style=\"vertical-align: inherit;\">&#8211; Reducci\u00f3n del costo por adquisici\u00f3n (CPA)<\/span><\/span><\/p><p><span dir=\"auto\" style=\"vertical-align: inherit;\"><span dir=\"auto\" style=\"vertical-align: inherit;\">&#8211; Mayor retorno sobre la inversi\u00f3n (ROAS)<\/span><\/span><\/p><p><span dir=\"auto\" style=\"vertical-align: inherit;\"><span dir=\"auto\" style=\"vertical-align: inherit;\">&#8211; Control total de la inversi\u00f3n publicitaria<\/span><\/span><\/p><h3>\u00a0<\/h3><h3><span dir=\"auto\" style=\"vertical-align: inherit;\"><span dir=\"auto\" style=\"vertical-align: inherit;\">Nuestro enfoque <\/span><\/span><\/h3><p><span dir=\"auto\" style=\"vertical-align: inherit;\"><span dir=\"auto\" style=\"vertical-align: inherit;\">N<\/span><\/span><span dir=\"auto\" style=\"vertical-align: inherit;\"><span dir=\"auto\" style=\"vertical-align: inherit;\">o se trata solo de aparecer en Google, sino de hacerlo de forma estrat\u00e9gica.<\/span><\/span><\/p><p><span dir=\"auto\" style=\"vertical-align: inherit;\"><span dir=\"auto\" style=\"vertical-align: inherit;\"><span dir=\"auto\" style=\"vertical-align: inherit;\"><span dir=\"auto\" style=\"vertical-align: inherit;\">Trabajamos con Campa\u00f1as optimizadas para resultados, analizando constantemente el comportamiento del usuario y ajustando cada variable para maximizar la rentabilidad.<\/span><\/span><\/span><\/span><\/p><p><span dir=\"auto\" style=\"vertical-align: inherit;\"><span dir=\"auto\" style=\"vertical-align: inherit;\"><span dir=\"auto\" style=\"vertical-align: inherit;\"><span dir=\"auto\" style=\"vertical-align: inherit;\">Cada decisi\u00f3n se toma en base a datos, no suposiciones.<\/span><\/span><\/span><\/span><\/p><h3>\u00a0<\/h3><h3><span dir=\"auto\" style=\"vertical-align: inherit;\"><span dir=\"auto\" style=\"vertical-align: inherit;\"><span dir=\"auto\" style=\"vertical-align: inherit;\"><span dir=\"auto\" style=\"vertical-align: inherit;\">Ideal para negocios que:<\/span><\/span><\/span><\/span><\/h3><p><span dir=\"auto\" style=\"vertical-align: inherit;\"><span dir=\"auto\" style=\"vertical-align: inherit;\"><span dir=\"auto\" style=\"vertical-align: inherit;\"><span dir=\"auto\" style=\"vertical-align: inherit;\">&#8211; Quieren generar ventas o consultas de forma predecible<\/span><\/span><\/span><\/span><\/p><p><span dir=\"auto\" style=\"vertical-align: inherit;\"><span dir=\"auto\" style=\"vertical-align: inherit;\"><span dir=\"auto\" style=\"vertical-align: inherit;\"><span dir=\"auto\" style=\"vertical-align: inherit;\">&#8211; Tienen productos o servicios con demanda activa<\/span><\/span><\/span><\/span><\/p><p><span dir=\"auto\" style=\"vertical-align: inherit;\"><span dir=\"auto\" style=\"vertical-align: inherit;\"><span dir=\"auto\" style=\"vertical-align: inherit;\"><span dir=\"auto\" style=\"vertical-align: inherit;\">&#8211; Buscan escalar su inversi\u00f3n publicitaria con control<\/span><\/span><\/span><\/span><\/p><p><span dir=\"auto\" style=\"vertical-align: inherit;\"><span dir=\"auto\" style=\"vertical-align: inherit;\"><span dir=\"auto\" style=\"vertical-align: inherit;\"><span dir=\"auto\" style=\"vertical-align: inherit;\">&#8211; Necesitan leads de calidad, no volumen sin filtrar<\/span><\/span><\/span><\/span><\/p><h5>\u00a0<\/h5><h5><span dir=\"auto\" style=\"vertical-align: inherit;\"><span dir=\"auto\" style=\"vertical-align: inherit;\"><span dir=\"auto\" style=\"vertical-align: inherit;\"><span dir=\"auto\" style=\"vertical-align: inherit;\">Convert\u00ed Google en tu principal canal de adquisici\u00f3n de clientes invirtiendo en Publicidad Digital.<\/span><\/span><\/span><\/span><\/h5>\t\t\t\t\t\t\t\t<\/div>\n\t\t\t\t<\/div>\n\t\t\t\t\t<\/div>\n\t\t\t\t<\/div>\n\t\t\t\t<\/div>\n\t\t","protected":false},"excerpt":{"rendered":"<p>Google Ads \u2013 Captaci\u00f3n de demanda con intenci\u00f3n de compra Captamos clientes cuando ya est\u00e1n buscando el producto o servicio que ofreces. Google Ads es uno de los canales m\u00e1s potentes para generar ventas y leads de calidad, porque permite llegar a personas que ya tienen una necesidad concreta y est\u00e1n buscando activamente una soluci\u00f3n. En Flash Marketing utilizamos Google Ads para posicionar tu negocio en el momento exacto en que un potencial cliente est\u00e1 listo para tomar una decisi\u00f3n. \u00a0 \u00bfQu\u00e9 hacemos? &#8211; Investigaci\u00f3n de mercado y palabras clave con intenci\u00f3n comercial &#8211; Estructuraci\u00f3n de Campa\u00f1as orientadas a Conversi\u00f3n &#8211; Implementaci\u00f3n de Campa\u00f1as de B\u00fasqueda y Performance Max &#8211; Configuraci\u00f3n de seguimiento y medici\u00f3n (conversiones, eventos) &#8211; Optimizaci\u00f3n continua en base a datos reales &#8211; Escalado de Campa\u00f1as rentables \u00a0 \u00bfQu\u00e9 logramos? &#8211; Generaci\u00f3n de leads cualificados &#8211; Aumento de ventas con intenci\u00f3n directa &#8211; Reducci\u00f3n del costo por adquisici\u00f3n (CPA) &#8211; Mayor retorno sobre la inversi\u00f3n (ROAS) &#8211; Control total de la inversi\u00f3n publicitaria \u00a0 Nuestro enfoque No se trata solo de aparecer en Google, sino de hacerlo de forma estrat\u00e9gica. Trabajamos con Campa\u00f1as optimizadas para resultados, analizando constantemente el comportamiento del usuario y ajustando cada variable para maximizar la rentabilidad. Cada decisi\u00f3n se toma en base a datos, no suposiciones. \u00a0 Ideal para negocios que: &#8211; Quieren generar ventas o consultas de forma predecible &#8211; Tienen productos o servicios con demanda activa &#8211; Buscan escalar su inversi\u00f3n publicitaria con control &#8211; Necesitan leads de calidad, no volumen sin filtrar \u00a0 Convert\u00ed Google en tu principal canal de adquisici\u00f3n de clientes invirtiendo en Publicidad Digital.<\/p>\n","protected":false},"author":1,"featured_media":0,"parent":0,"menu_order":0,"comment_status":"closed","ping_status":"closed","template":"","meta":{"footnotes":""},"class_list":["post-1415","page","type-page","status-publish","hentry"],"yoast_head":"<!-- This site is optimized with the Yoast SEO plugin v27.4 - https:\/\/yoast.com\/product\/yoast-seo-wordpress\/ -->\n<title>Google Ads - Flash Marketing<\/title>\n<meta name=\"description\" content=\"Google Ads \u2013 Captaci\u00f3n de demanda con intenci\u00f3n de compraCaptamos clientes cuando ya est\u00e1n buscando el producto o servicio que ofreces.Google Ads es uno\" \/>\n<meta name=\"robots\" content=\"noindex, nofollow\" \/>\n<meta property=\"og:locale\" content=\"es_ES\" \/>\n<meta property=\"og:type\" content=\"article\" \/>\n<meta property=\"og:title\" content=\"Google Ads - Flash Marketing\" \/>\n<meta property=\"og:description\" content=\"Google Ads \u2013 Captaci\u00f3n de demanda con intenci\u00f3n de compraCaptamos clientes cuando ya est\u00e1n buscando el producto o servicio que ofreces.Google Ads es uno\" \/>\n<meta property=\"og:url\" content=\"https:\/\/flashmarketing365.com\/index.php\/google-ads\/\" \/>\n<meta property=\"og:site_name\" content=\"Flash Marketing\" \/>\n<meta property=\"article:modified_time\" content=\"2026-05-01T00:20:49+00:00\" \/>\n<meta property=\"og:image\" content=\"https:\/\/flashmarketing365.com\/wp-content\/uploads\/2025\/04\/cropped-unnamed.jpg\" \/>\n\t<meta property=\"og:image:width\" content=\"512\" \/>\n\t<meta property=\"og:image:height\" content=\"512\" \/>\n\t<meta property=\"og:image:type\" content=\"image\/jpeg\" \/>\n<meta name=\"twitter:card\" content=\"summary_large_image\" \/>\n<meta name=\"twitter:label1\" content=\"Tiempo de lectura\" \/>\n\t<meta name=\"twitter:data1\" content=\"2 minutos\" \/>\n<script type=\"application\/ld+json\" class=\"yoast-schema-graph\">{\"@context\":\"https:\\\/\\\/schema.org\",\"@graph\":[{\"@type\":\"WebPage\",\"@id\":\"https:\\\/\\\/flashmarketing365.com\\\/index.php\\\/google-ads\\\/\",\"url\":\"https:\\\/\\\/flashmarketing365.com\\\/index.php\\\/google-ads\\\/\",\"name\":\"Google Ads - Flash Marketing\",\"isPartOf\":{\"@id\":\"https:\\\/\\\/flashmarketing365.com\\\/#website\"},\"datePublished\":\"2026-04-27T16:58:30+00:00\",\"dateModified\":\"2026-05-01T00:20:49+00:00\",\"description\":\"Google Ads \u2013 Captaci\u00f3n de demanda con intenci\u00f3n de compraCaptamos clientes cuando ya est\u00e1n buscando el producto o servicio que ofreces.Google Ads es uno\",\"breadcrumb\":{\"@id\":\"https:\\\/\\\/flashmarketing365.com\\\/index.php\\\/google-ads\\\/#breadcrumb\"},\"inLanguage\":\"es-AR\",\"potentialAction\":[{\"@type\":\"ReadAction\",\"target\":[\"https:\\\/\\\/flashmarketing365.com\\\/index.php\\\/google-ads\\\/\"]}]},{\"@type\":\"BreadcrumbList\",\"@id\":\"https:\\\/\\\/flashmarketing365.com\\\/index.php\\\/google-ads\\\/#breadcrumb\",\"itemListElement\":[{\"@type\":\"ListItem\",\"position\":1,\"name\":\"Home\",\"item\":\"https:\\\/\\\/flashmarketing365.com\\\/\"},{\"@type\":\"ListItem\",\"position\":2,\"name\":\"Google Ads\"}]},{\"@type\":\"WebSite\",\"@id\":\"https:\\\/\\\/flashmarketing365.com\\\/#website\",\"url\":\"https:\\\/\\\/flashmarketing365.com\\\/\",\"name\":\"Flash Marketing 365\",\"description\":\"Performance Ads aumento de ROAS\",\"publisher\":{\"@id\":\"https:\\\/\\\/flashmarketing365.com\\\/#organization\"},\"alternateName\":\"Flash Marketing 365\",\"potentialAction\":[{\"@type\":\"SearchAction\",\"target\":{\"@type\":\"EntryPoint\",\"urlTemplate\":\"https:\\\/\\\/flashmarketing365.com\\\/?s={search_term_string}\"},\"query-input\":{\"@type\":\"PropertyValueSpecification\",\"valueRequired\":true,\"valueName\":\"search_term_string\"}}],\"inLanguage\":\"es-AR\"},{\"@type\":\"Organization\",\"@id\":\"https:\\\/\\\/flashmarketing365.com\\\/#organization\",\"name\":\"Flash Marketing 365\",\"alternateName\":\"Flash Marketing 365\",\"url\":\"https:\\\/\\\/flashmarketing365.com\\\/\",\"logo\":{\"@type\":\"ImageObject\",\"inLanguage\":\"es-AR\",\"@id\":\"https:\\\/\\\/flashmarketing365.com\\\/#\\\/schema\\\/logo\\\/image\\\/\",\"url\":\"https:\\\/\\\/flashmarketing365.com\\\/wp-content\\\/uploads\\\/2025\\\/04\\\/unnamed.jpg\",\"contentUrl\":\"https:\\\/\\\/flashmarketing365.com\\\/wp-content\\\/uploads\\\/2025\\\/04\\\/unnamed.jpg\",\"width\":432,\"height\":432,\"caption\":\"Flash Marketing 365\"},\"image\":{\"@id\":\"https:\\\/\\\/flashmarketing365.com\\\/#\\\/schema\\\/logo\\\/image\\\/\"},\"sameAs\":[\"https:\\\/\\\/www.instagram.com\\\/flashmarketing_365\\\/\",\"https:\\\/\\\/www.youtube.com\\\/@FlashMarketing365\"]}]}<\/script>\n<!-- \/ Yoast SEO plugin. -->","yoast_head_json":{"title":"Google Ads - Flash Marketing","description":"Google Ads \u2013 Captaci\u00f3n de demanda con intenci\u00f3n de compraCaptamos clientes cuando ya est\u00e1n buscando el producto o servicio que ofreces.Google Ads es uno","robots":{"index":"noindex","follow":"nofollow"},"og_locale":"es_ES","og_type":"article","og_title":"Google Ads - Flash Marketing","og_description":"Google Ads \u2013 Captaci\u00f3n de demanda con intenci\u00f3n de compraCaptamos clientes cuando ya est\u00e1n buscando el producto o servicio que ofreces.Google Ads es uno","og_url":"https:\/\/flashmarketing365.com\/index.php\/google-ads\/","og_site_name":"Flash Marketing","article_modified_time":"2026-05-01T00:20:49+00:00","og_image":[{"width":512,"height":512,"url":"https:\/\/flashmarketing365.com\/wp-content\/uploads\/2025\/04\/cropped-unnamed.jpg","type":"image\/jpeg"}],"twitter_card":"summary_large_image","twitter_misc":{"Tiempo de lectura":"2 minutos"},"schema":{"@context":"https:\/\/schema.org","@graph":[{"@type":"WebPage","@id":"https:\/\/flashmarketing365.com\/index.php\/google-ads\/","url":"https:\/\/flashmarketing365.com\/index.php\/google-ads\/","name":"Google Ads - Flash Marketing","isPartOf":{"@id":"https:\/\/flashmarketing365.com\/#website"},"datePublished":"2026-04-27T16:58:30+00:00","dateModified":"2026-05-01T00:20:49+00:00","description":"Google Ads \u2013 Captaci\u00f3n de demanda con intenci\u00f3n de compraCaptamos clientes cuando ya est\u00e1n buscando el producto o servicio que ofreces.Google Ads es uno","breadcrumb":{"@id":"https:\/\/flashmarketing365.com\/index.php\/google-ads\/#breadcrumb"},"inLanguage":"es-AR","potentialAction":[{"@type":"ReadAction","target":["https:\/\/flashmarketing365.com\/index.php\/google-ads\/"]}]},{"@type":"BreadcrumbList","@id":"https:\/\/flashmarketing365.com\/index.php\/google-ads\/#breadcrumb","itemListElement":[{"@type":"ListItem","position":1,"name":"Home","item":"https:\/\/flashmarketing365.com\/"},{"@type":"ListItem","position":2,"name":"Google Ads"}]},{"@type":"WebSite","@id":"https:\/\/flashmarketing365.com\/#website","url":"https:\/\/flashmarketing365.com\/","name":"Flash Marketing 365","description":"Performance Ads aumento de ROAS","publisher":{"@id":"https:\/\/flashmarketing365.com\/#organization"},"alternateName":"Flash Marketing 365","potentialAction":[{"@type":"SearchAction","target":{"@type":"EntryPoint","urlTemplate":"https:\/\/flashmarketing365.com\/?s={search_term_string}"},"query-input":{"@type":"PropertyValueSpecification","valueRequired":true,"valueName":"search_term_string"}}],"inLanguage":"es-AR"},{"@type":"Organization","@id":"https:\/\/flashmarketing365.com\/#organization","name":"Flash Marketing 365","alternateName":"Flash Marketing 365","url":"https:\/\/flashmarketing365.com\/","logo":{"@type":"ImageObject","inLanguage":"es-AR","@id":"https:\/\/flashmarketing365.com\/#\/schema\/logo\/image\/","url":"https:\/\/flashmarketing365.com\/wp-content\/uploads\/2025\/04\/unnamed.jpg","contentUrl":"https:\/\/flashmarketing365.com\/wp-content\/uploads\/2025\/04\/unnamed.jpg","width":432,"height":432,"caption":"Flash Marketing 365"},"image":{"@id":"https:\/\/flashmarketing365.com\/#\/schema\/logo\/image\/"},"sameAs":["https:\/\/www.instagram.com\/flashmarketing_365\/","https:\/\/www.youtube.com\/@FlashMarketing365"]}]}},"_links":{"self":[{"href":"https:\/\/flashmarketing365.com\/index.php\/wp-json\/wp\/v2\/pages\/1415","targetHints":{"allow":["GET"]}}],"collection":[{"href":"https:\/\/flashmarketing365.com\/index.php\/wp-json\/wp\/v2\/pages"}],"about":[{"href":"https:\/\/flashmarketing365.com\/index.php\/wp-json\/wp\/v2\/types\/page"}],"author":[{"embeddable":true,"href":"https:\/\/flashmarketing365.com\/index.php\/wp-json\/wp\/v2\/users\/1"}],"replies":[{"embeddable":true,"href":"https:\/\/flashmarketing365.com\/index.php\/wp-json\/wp\/v2\/comments?post=1415"}],"version-history":[{"count":28,"href":"https:\/\/flashmarketing365.com\/index.php\/wp-json\/wp\/v2\/pages\/1415\/revisions"}],"predecessor-version":[{"id":1623,"href":"https:\/\/flashmarketing365.com\/index.php\/wp-json\/wp\/v2\/pages\/1415\/revisions\/1623"}],"wp:attachment":[{"href":"https:\/\/flashmarketing365.com\/index.php\/wp-json\/wp\/v2\/media?parent=1415"}],"curies":[{"name":"wp","href":"https:\/\/api.w.org\/{rel}","templated":true}]}}